{"id":172,"date":"2015-11-15T17:01:06","date_gmt":"2015-11-15T16:01:06","guid":{"rendered":"http:\/\/blog.fz-gaggenau.de\/?page_id=172"},"modified":"2019-10-04T20:10:01","modified_gmt":"2019-10-04T18:10:01","slug":"fanzuto","status":"publish","type":"page","link":"https:\/\/fanfarenzug-gaggenau.de\/?page_id=172","title":{"rendered":"FANZUTO"},"content":{"rendered":"<p>Die Gruppe FANZUTO\u00a0entstand 2009 anl\u00e4sslich der Vorbereitungen zum 50.-j\u00e4hrigen Vereinsjubil\u00e4um des Fanfarenzug Gro Ka Ge Gaggenau e.V.<\/p>\n<p><img loading=\"lazy\" decoding=\"async\" class=\"aligncenter size-full wp-image-173\" src=\"https:\/\/fanfarenzug-gaggenau.de\/wp-content\/uploads\/2015\/11\/Fanzuto_logo.jpg\" alt=\"Fanzuto_logo\" width=\"290\" height=\"279\" srcset=\"https:\/\/fanfarenzug-gaggenau.de\/wp-content\/uploads\/2015\/11\/Fanzuto_logo.jpg 290w, https:\/\/fanfarenzug-gaggenau.de\/wp-content\/uploads\/2015\/11\/Fanzuto_logo-156x150.jpg 156w, https:\/\/fanfarenzug-gaggenau.de\/wp-content\/uploads\/2015\/11\/Fanzuto_logo-150x144.jpg 150w\" sizes=\"auto, (max-width: 290px) 100vw, 290px\" \/><\/p>\n<p style=\"text-align: justify;\">Angeregt durch japanische Trommlergruppen haben sich die Trommlerinnen des Fanfarenzuges und ihr musikalischer Leiter im Sp\u00e4tjahr 2009 erstmals zu Proben zusammengefunden. Bereits nach 17 Proben war der erste Teil b\u00fchnenreif und konnte in den Fremdensitzungen der Gro Ka Ge Gaggenau 2010 aufgef\u00fchrt werden.<\/p>\n<p style=\"text-align: justify;\">In weiteren 23 Proben wurde zum ersten Teil ein zweiter Teil einstudiert und konnte zeitgerecht zur Jubil\u00e4umsveranstaltung am 05.06.2010 in Gaggenau aufgef\u00fchrt werden.<\/p>\n<p style=\"text-align: justify;\">Weitere Teile sollten folgen. So wurde ein dritter Teil als Bindest\u00fcck zwischen den beiden bereits bestehenden Teilen einstudiert und erstmals in den Fremdensitzungen 2011 aufgef\u00fchrt.<\/p>\n<p style=\"text-align: justify;\"><img loading=\"lazy\" decoding=\"async\" class=\"aligncenter wp-image-245 size-large\" src=\"https:\/\/fanfarenzug-gaggenau.de\/wp-content\/uploads\/2015\/11\/fanzuto-1024x611.jpg\" alt=\"fanzuto\" width=\"900\" height=\"537\" srcset=\"https:\/\/fanfarenzug-gaggenau.de\/wp-content\/uploads\/2015\/11\/fanzuto-1024x611.jpg 1024w, https:\/\/fanfarenzug-gaggenau.de\/wp-content\/uploads\/2015\/11\/fanzuto-300x179.jpg 300w, https:\/\/fanfarenzug-gaggenau.de\/wp-content\/uploads\/2015\/11\/fanzuto-250x150.jpg 250w, https:\/\/fanfarenzug-gaggenau.de\/wp-content\/uploads\/2015\/11\/fanzuto-150x90.jpg 150w\" sizes=\"auto, (max-width: 900px) 100vw, 900px\" \/><\/p>\n<p style=\"text-align: justify;\">Im Sp\u00e4tjahr 2011 haben wir uns f\u00fcr die Fremdensitzung der Gro Ka Ge Gaggenau am 27. bis 29.01.2012 ein neues St\u00fcck ausgedacht und konnten die Proben Mitte Januar b\u00fchnenreif abschlie\u00dfen. Etwas Besonderes stellt dieses neue St\u00fcck dar, da wir neben den Trommelkl\u00e4ngen und ihren Bewegungen nun ganz gezielt noch Lichteffekte mit eingebunden haben.<\/p>\n<p>Zwischenzeitlich wurde unsere Gruppe auch \u00fcber die regionalen Grenzen hinweg bekannt.<\/p>\n<p><iframe loading=\"lazy\" src=\"https:\/\/www.youtube.com\/embed\/AYoKKlMTj3E\" width=\"640\" height=\"360\" frameborder=\"0\" allowfullscreen=\"allowfullscreen\"><\/iframe><\/p>\n<hr \/>\n","protected":false},"excerpt":{"rendered":"<p>Die Gruppe FANZUTO\u00a0entstand 2009 anl\u00e4sslich der Vorbereitungen zum 50.-j\u00e4hrigen Vereinsjubil\u00e4um des Fanfarenzug Gro Ka Ge Gaggenau e.V. Angeregt durch japanische Trommlergruppen haben sich die Trommlerinnen des Fanfarenzuges und ihr musikalischer Leiter im Sp\u00e4tjahr 2009 erstmals zu Proben zusammengefunden. Bereits nach 17 Proben war der erste Teil b\u00fchnenreif und konnte in\u2026<\/p>\n<p> <a class=\"continue-reading-link\" href=\"https:\/\/fanfarenzug-gaggenau.de\/?page_id=172\"><span>Weiterlesen<\/span><i class=\"crycon-right-dir\"><\/i><\/a> <\/p>\n","protected":false},"author":6,"featured_media":0,"parent":0,"menu_order":0,"comment_status":"closed","ping_status":"closed","template":"templates\/template-onecolumn.php","meta":{"footnotes":""},"class_list":["post-172","page","type-page","status-publish","hentry"],"_links":{"self":[{"href":"https:\/\/fanfarenzug-gaggenau.de\/index.php?rest_route=\/wp\/v2\/pages\/172","targetHints":{"allow":["GET"]}}],"collection":[{"href":"https:\/\/fanfarenzug-gaggenau.de\/index.php?rest_route=\/wp\/v2\/pages"}],"about":[{"href":"https:\/\/fanfarenzug-gaggenau.de\/index.php?rest_route=\/wp\/v2\/types\/page"}],"author":[{"embeddable":true,"href":"https:\/\/fanfarenzug-gaggenau.de\/index.php?rest_route=\/wp\/v2\/users\/6"}],"replies":[{"embeddable":true,"href":"https:\/\/fanfarenzug-gaggenau.de\/index.php?rest_route=%2Fwp%2Fv2%2Fcomments&post=172"}],"version-history":[{"count":14,"href":"https:\/\/fanfarenzug-gaggenau.de\/index.php?rest_route=\/wp\/v2\/pages\/172\/revisions"}],"predecessor-version":[{"id":1528,"href":"https:\/\/fanfarenzug-gaggenau.de\/index.php?rest_route=\/wp\/v2\/pages\/172\/revisions\/1528"}],"wp:attachment":[{"href":"https:\/\/fanfarenzug-gaggenau.de\/index.php?rest_route=%2Fwp%2Fv2%2Fmedia&parent=172"}],"curies":[{"name":"wp","href":"https:\/\/api.w.org\/{rel}","templated":true}]}}